95. What is the remainder when d is divided by 20?
16
Let b(v) = -13*v - 181. Calculate the remainder when 121 is divided by b(-17).
1
Let q = -76 + 93. Let i(u) = u**2 + 10*u + 11. Calculate the remainder when i(-13) is divided by q.
16
Suppose 2*b - 55 = 7*b. Let l(g) = -g - 2. Calculate the remainder when l(b) is divided by 3.
0
Calculate the remainder when ((-354)/(-18))/((-78)/(-18) - 4) is divided by 15.
14
Let l = 2 + 14. What is the remainder when (2 + 124/(-20))*-10 is divided by l?
10
What is the remainder when 2/3*2109/38 is divided by 10?
7
Let j(d) = -4*d**3 - 2*d**2 - 3*d - 3. Let y be j(-2). Suppose -y*o = -21*o - 180. What is the remainder when o is divided by (-8)/(2/(2*-1))?
6
Let q(n) = 3*n**2 + 11*n - 1. What is the remainder when q(-9) is divided by 49?
45
Suppose -8*t = -4*t + 56. Let r = -2 - t. Calculate the remainder when 32 is divided by r.
8
Let y be ((-8)/10)/((-6)/15). Calculate the remainder when 74 is divided by ((-1)/y)/((-1)/40).
14
Let o = 44 - 25. Let d(t) = 8*t + 47. Let z be d(-8). Let u = z - -21. Calculate the remainder when o is divided by u.
3
Let w = -603 + 746. What is the remainder when w is divided by 18?
17
Suppose 12 = t - 2*b, 5*b - 60 = -4*t - t. Suppose -4 = -6*s + 8. Suppose 1 = s*p - 5. What is the remainder when t is divided by p?
0
Let n(j) = 5*j - 11*j + 4 + j**2 + 7*j. Let b be n(-5). Calculate the remainder when 69 is divided by b*(45/(-12))/(-5).
15
Let i(h) = -h**2 + 14*h. What is the remainder when i(11) is divided by (-219)/(-12) - (-3)/(-12)?
15
Let q = -406 + 717. What is the remainder when q is divided by 24?
23
Suppose 0 = -5*u + 120 - 0. Let y = -11 + u. Let i = 66 - 30. Calculate the remainder when i is divided by y.
10
Let f = 55 - 38. Let x = 29 - f. What is the remainder when 46 is divided by x?
10
Suppose -o = -15 - 5. Let h = o + -4. What is the remainder when 45 is divided by h?
13
Let t(k) = 13*k**3 + k**2 + 9*k + 3. Let y(f) = 12*f**3 + 10*f + 3. Let u(p) = -4*t(p) + 3*y(p). What is the remainder when 147 is divided by u(-1)?
12
Let w = 78 - 89. Let y = -2 - w. What is the remainder when 22 is divided by y?
4
Let s(z) = 21*z + 65. What is the remainder when 16 is divided by s(-3)?
0
Let w = -270 - -365. What is the remainder when w is divided by 54?
41
Let m be 1*(-3 + 1)*-2. Suppose -4*y - 10 + 26 = 0. Suppose y*v = 3*w - 33, w = -w - m*v + 22. Calculate the remainder when 19 is divided by w.
8
Suppose -2*x + 2*a + a + 133 = 0, a - 5 = 0. What is the remainder when x is divided by 1/(-6) - (12 + 460/(-24))?
4
Let w(f) = -7*f**2 - 20*f - 23. Let b(d) = 20*d**2 + 59*d + 68. Let t(j) = 4*b(j) + 11*w(j). Calculate the remainder when t(-10) is divided by 27.
24
Suppose 23*j - 1645 - 3231 = 0. What is the remainder when j is divided by 43?
40
Let j(h) = 42*h + 6. Calculate the remainder when j(1) is divided by 7.
6
Let u(x) = -x**2 - 2*x - 1. Let c be u(-2). Let s(f) = -25*f**3 - f - 1. What is the remainder when 48 is divided by s(c)?
23
Let g be 14/(-10) - 18/30. Calculate the remainder when -2 - (108/g + (-2)/(-2)) is divided by 18.
15
Calculate the remainder when 4*1*1284/24 is divided by 27.
25
Let i = -516 + 527. Let s(b) be the second derivative of b**3/3 + 2*b. Calculate the remainder when i is divided by s(2).
3
Let o(f) = 23*f. What is the remainder when 86 - (-6 + 4) - -1 is divided by o(1)?
20
Let z(d) = d**2 - 3*d + 4. Let j be z(3). What is the remainder when 80 is divided by ((-7)/(-2) - j)*-54?
26
Suppose -x + 42 = 5*x. Suppose b = -2*d + 9, 2*d - 5 - 5 = -2*b. Calculate the remainder when x is divided by d.
3
Let w(s) = 72*s**3 - 4*s**2 + 3*s - 1. Suppose -5*b + 3*b + 2 = 0. What is the remainder when w(1) is divided by (-12)/(-1 + -1 + b)?
10
Let w be 2/8 - (-46)/8. Calculate the remainder when 116 is divided by (-20)/(4 + (-28)/w).
26
Let f be 1 + -123 + 4 - -1. Let u = 261 + f. Calculate the remainder when u is divided by 29.
28
Let s = -5703 + 5737. Suppose -a - 3*r = -0*a - 65, 5*a + 5*r - 325 = 0. Calculate the remainder when a is divided by s.
31
Let n = -14 - -27. Let i = 36 + 7. Suppose 3*r - i + n = 0. Calculate the remainder when 18 is divided by r.
8
Suppose -2*h - 4*m - 18 = 0, -3*h - 32 = m - 0. Let d = h + 21. What is the remainder when 1 is divided by (-4)/d - (-7)/5?
0
Suppose -3*d = -7*m - 97, -7*d = -9*d - 4*m + 82. Calculate the remainder when 442 is divided by d.
35
Let w = 47 + -8. Suppose -4*m + l = w, 2*m - 2 = -3*l - 11. Let s = 24 + m. Calculate the remainder when s is divided by 4.
3
Suppose -29 = -4*x + 87. Suppose -5*h = -0*h. Suppose h*t + 30 = 2*t. What is the remainder when x is divided by t?
14
Let z = -6 + 10. What is the remainder when 8 is divided by z?
0
Suppose -2*d - 5*m + 143 = 0, 0*d - m - 231 = -4*d. What is the remainder when d is divided by 2275/130 + (-3)/2?
11
Let g be (0 - -1)/(8/(-3) - -3). Suppose -9*l + 8*l = -g. Suppose 0 = -0*u + u - 3. What is the remainder when u is divided by l?
0
Suppose -20*k + 828 = -8*k. Calculate the remainder when k is divided by 24.
21
Let r(s) = 2*s - 11. Let g be r(7). Suppose -b = 2*b - g*j - 30, 0 = b + 5*j - 34. Let o = -10 + 37. What is the remainder when o is divided by b?
13
Let z be (-1)/(-1*(3 + -2)). Let s be (z/(-3))/(2/12). Calculate the remainder when 2/s*(-25)/5 is divided by 3.
2
Suppose -36*w - 340 = -56*w. What is the remainder when w is divided by (11/(-1))/(-1) + -1?
7
Let r(g) = -g**3 + 19*g**2 - 20*g - 10. What is the remainder when r(16) is divided by 11?
9
Let z = -44 - -52. Suppose 5*u - z = -s, 14 = 5*s + 2*u - 26. What is the remainder when 23 is divided by s?
7
Suppose -9*v + 9 = -6*v. Suppose 2*p - 79 = p - 3*a, v*a = 3. What is the remainder when p is divided by 16?
12
Suppose -3*c + 3 = o - 2*c, -4*o + 4*c = 12. Suppose 3*x + 4*y - 83 = o, 4*y - 54 = -2*x - 0*y. Calculate the remainder when x is divided by 4/4 + (-1 - -15).
14
Let g(m) = m**3 + 18*m**2 + 8*m - 14. Let t be g(-17). Let n = 194 - t. What is the remainder when n is divided by 19?
17
Suppose 2*s - 10 = -q, -2*q - 2*s + 10 = -7*q. Suppose 10*h - h - 837 = q. Calculate the remainder when h is divided by 8.
5
Suppose 0 = 40*m - 15*m - 850. Suppose -4*w = -71 - 193. Calculate the remainder when w is divided by m.
32
Suppose 34*m = 31*m + 6. Calculate the remainder when 6 is divided by m.
0
Let f(b) = 286*b**2 + 2*b + 7. Let q be f(-2). Suppose 5*n - 2*g = q, -2*n + 235 = -n + g. What is the remainder when n is divided by 29?
28
Suppose 5*m + t + 186 - 210 = 0, -m + 4 = t. What is the remainder when 355 is divided by m?
0
Let w(h) = 8*h + 17. Let g be w(8). Suppose -g = -4*x + 299. Calculate the remainder when x is divided by 16.
15
Suppose -h - 4*r + 968 = 0, -5946 + 1106 = -5*h - 2*r. What is the remainder when h is divided by 97?
95
Let r(p) = -13*p - 454. Let x be r(-35). Let g(a) be the third derivative of 7*a**5/60 - a**3/6 + a**2. Calculate the remainder when 7 is divided by g(x).
1
Let s = -3 - -8. Suppose -s*k + 0*t = 3*t - 113, 0 = -4*k + 4*t + 116. Calculate the remainder when 1 + -1 - (-72)/1 is divided by k.
22
Suppose -2*d + 2*a = -4, 3*d + 2*a + 0 = 6. Suppose 44 = -15*q + 17*q + 5*t, -d*t - 64 = -4*q. Calculate the remainder when 76 is divided by q.
8
Let v(t) = 9*t**2 + 2*t + 3. Suppose -c + 164 = 2*n, 0*c + 5*c = 3*n + 872. What is the remainder when c is divided by v(-2)?
32
Suppose -1046 = -13*x - 773. Calculate the remainder when 95 is divided by x.
11
Suppose -3*c + 0*c + 153 = 0. Let k = c - 28. Calculate the remainder when 78 - ((8 - 5) + 7) is divided by k.
22
Calculate the remainder when ((-24)/(-10))/4 + 2728/20 is divided by 32.
9
Suppose 30*v = 18*v + 156. What is the remainder when 192 is divided by v?
10
Suppose 14*i - 9*i - 50 = 0. Suppose -i*a = -66 - 44. What is the remainder when 97 is divided by a?
9
Let b = -485 - -545. Calculate the remainder when 179 is divided by b.
59
Let x be -1 + (-7)/(-3) + (-8)/6. Suppose x = -5*i - 19 + 129. What is the remainder when 108 is divided by i?
20
Suppose -3*c = x - 40, 7*x - 4*x = -3*c + 120. What is the remainder when 110 is divided by x?
30
Let m(z) = z**2 + 7*z - 10. Let i(g) = 2*g**2 + 14*g - 21. Let f(c) = -3*i(c) + 7*m(c). What is the remainder when f(-8) is divided by 1?
0
Suppose 4*d - 6*a = -11*a + 783, 2